vative of -k**2/2 + 8*k - 116. Give o(3).
5
Let b(x) = 2*x**2 + 65 + 2*x + 61 - 3*x**2 - 121. Determine b(-4).
-19
Let h(n) = 2*n**3 - 2. Let x(i) = 5*i**3 - 3*i**2 - 4*i - 3. Let f(b) = 2*h(b) - x(b). Suppose -3*t + 6 = -3*p, 22 = p + 3*t + 4. Calculate f(p).
11
Let n(j) be the first derivative of -j**3/3 + 13*j**2/2 - 3*j + 7. Let i(d) = 3*d**2 - 38*d + 10. Let o(b) = -4*i(b) - 11*n(b). What is o(7)?
7
Let s(j) = -1 - 108*j**3 + 214*j**3 - 111*j**3. Let x = -3 - -4. Calculate s(x).
-6
Let a be 3/12 - (-108)/(-48). Let j(b) = -3*b**2 + 6. Calculate j(a).
-6
Let i(r) = -r**2 + 13*r + 90*r - 98*r - 2. Give i(2).
4
Let q = 19 - 22. Let f(i) be the second derivative of -i**4/24 + i**3/2 + i**2/2 - i. Let x(u) be the first derivative of f(u). Give x(q).
6
Let d(s) = -24*s**2 + 39*s + 12. Let l(h) = -13*h**2 + 20*h + 7. Let y(k) = -6*d(k) + 11*l(k). Calculate y(6).
-43
Let d = -48 - -51. Let g(y) = -2*y + 0*y + 2*y - 10 + y**2 + y**d + y. What is g(0)?
-10
Let i(y) = -10 - y**2 + 9*y + y**2 + 0*y**2 - y**2. Let g be i(7). Suppose -2*j = -5*m - 20, -j = g*m - 3*j + 18. Let h(a) = -2*a**2 - 3*a - 3. Determine h(m).
-5
Suppose -3*x + x = -4. Let c be (-2)/(x/1 + 0). Let z(h) be the first derivative of -h**3 + h**2 + h - 51. Determine z(c).
-4
Let u(d) be the first derivative of d**4/2 - 4*d**3/3 + d**2/2 + 3*d + 241. What is u(3)?
24
Let i be (-5)/(-10)*0/(-2). Suppose i = -11*x + 23 + 10. Let u(w) = 4 - 3*w + 0*w - 1. What is u(x)?
-6
Suppose -2*g = 5*y - 15, 4*y + 3*g = -g. Let u(f) = 6*f**2 - y + 4*f + f**3 + 11 - f. Give u(-6).
-12
Let w(b) = b**3 + 8*b**2 + 8*b + 4. Let l be w(-7). Let d be l/(-6)*0/(-2). Let n = 5 - d. Let c(f) = f**3 - 6*f**2 + 4*f + 7. Determine c(n).
2
Let k(o) = -6*o - 4. Let n be k(-4). Suppose 25*u - 25 = n*u. Let j(x) = -x**3 + 6*x**2 - 8*x + 3. Give j(u).
-12
Let l = -7 + 8. Let n be (l*10)/(-9 - -10). Suppose -6*h + n = -32. Let q(r) = -r + 3. Give q(h).
-4
Let b = -22 + 9. Let r = b + 16. Let n(l) = 4*l**2 - 2 + 2*l**3 - 5*l - 3*l**r + 2*l**3. Calculate n(-5).
-2
Let z(s) = -s**2 + 10*s - 3. Let f = 20 + 35. Let o = f - 45. Give z(o).
-3
Let y(f) = -14*f**2 + 99*f - 5. Let d be y(7). Let h(w) = 13*w**2 - 2*w - 7. Let j(i) = -7*i**2 + i + 4. Let v(a) = -6*h(a) - 11*j(a). Calculate v(d).
-4
Let d(k) = k**2 - 5*k + 1. Let m(h) = h**3 + 10*h**2 - 12*h - 9. Let a be m(-11). Let f be (3/1 - a) + 8. Let s = -4 + f. Calculate d(s).
1
Let d(c) = 2084 + 2090 + 2*c - 4160. Determine d(0).
14
Let b(p) be the second derivative of p**3/6 - p - 94. What is b(5)?
5
Let p(l) = l**3 + 2*l**2. Let f(c) = -2*c**2 + 22*c**3 - 23*c**3 + 7 + 4*c - 2 - 4. Let o be f(-3). What is p(o)?
0
Let r(u) = u**3 - 9*u**2 + 3*u - 5. Let q(g) = -g**3 + 10*g**2 - 3*g + 5. Let b(d) = 4*q(d) + 5*r(d). Let x(f) = -5*f + 94. Let s be x(18). What is b(s)?
-9
Suppose -26 = 5*k - 1. Let z(y) = 1 + 13 + 0 - 3*y - y. Let s(b) = -2*b + 7. Let a(v) = k*s(v) + 3*z(v). Calculate a(5).
-3
Let s = -4 - -4. Suppose 0 = 3*h - 105 - 171. Let p(u) = 4 - h*u + u**2 + 93*u + 6 - 2. Give p(s).
8
Suppose -4*h - 2 = 3*w - 16, -h + 3 = w. Suppose 4*j = 3*j + 5. Let r(c) = 65*c - 4*c**2 + 1 + c**3 - 69*c - j. What is r(h)?
1
Let m(n) = -8*n. Let r(h) = -h + 9. Let s(j) = 1. Let w(p) = r(p) - 4*s(p). Let z be w(8). Let l = z + 2. Give m(l).
8
Let h = -518 + 521. Let o(u) be the first derivative of -u**2 + 5/3*u**h - 7 - u. Determine o(-1).
6
Let x(r) = r - 3. Let h be ((15/(-6))/(-5) - 1)*0. Calculate x(h).
-3
Let g(a) be the second derivative of -a**5/20 + 2*a**4/3 - 4*a**3/3 + 5*a**2/2 + 11*a. Let z(d) = 5*d + 12. Let q be z(-1). Calculate g(q).
-2
Let m(j) = -2*j**3 - 4*j**2 - 6*j - 2. Let r be m(-2). Suppose 17*d - r*d = 21. Let b(i) = -i**3 + 4*i**2 + 2. Give b(d).
11
Let g(i) be the second derivative of -i**3/6 + i**2/2 - 84*i. What is g(4)?
-3
Let q(u) = -9*u**3 + 7*u**2 + 6*u - 6. Let f(l) = 10*l**3 - 8*l**2 - 7*l + 7. Let t(n) = 5*f(n) + 6*q(n). What is t(1)?
-2
Let b(f) = -5*f + 13. Let k(t) = -2*t**3 - 7*t**2 + 30*t + 5. Let q be k(-6). Calculate b(q).
-12
Let c(x) be the third derivative of -x**4/24 + 3*x**3/2 + 2*x**2. Let y(o) = 78*o - 533. Let a be y(7). What is c(a)?
-4
Let y = 588 + -588. Let m(f) be the second derivative of -2*f + y - 1/6*f**3 + 3*f**2. Give m(6).
0
Let s(c) = -c**3 + 6*c**2 - 3*c - 6. Suppose 44*h + 75 = 59*h. Suppose 0 = 3*z - 2*k + 4, -2*z + k = -z + 2. Suppose -i + 10 - h = z. Determine s(i).
4
Let k(c) = 26*c + 6. Let f(u) = 5*u + 1. Let j(z) = 11*f(z) - 2*k(z). Let n = -39 + 41. Calculate j(n).
5
Let l(w) = w**3 + 5*w**2 - 5*w - 5. Suppose -26 = 25*i + 124. Calculate l(i).
-11
Let f(v) be the second derivative of 7/6*v**3 + 0 - 11*v - 3*v**2 - 1/12*v**4. Calculate f(5).
4
Let y(q) be the third derivative of 3*q**4/4 + 5*q**3 - 403*q**2. Give y(-2).
-6
Let i = -4534 + 4531. Let y(g) = 2*g**2 - 2*g - 3. Let l(b) = 3*b**2 - 2*b - 3. Let d(o) = -4*l(o) + 5*y(o). Calculate d(i).
-15
Let a(z) = -847*z**2 + 1695*z**2 - 849*z**2 + 4*z. Determine a(5).
-5
Let o(t) be the first derivative of -t**4/4 + 5*t**3/3 + 7*t**2/2 - 9*t - 38. Let n(v) = 3*v - 9. Let k be n(5). What is o(k)?
-3
Let l(t) be the third derivative of 0 + 1/2*t**3 - 19*t**2 + 0*t + 1/6*t**4. Suppose -4*w + w = 6. Give l(w).
-5
Let c(t) be the first derivative of -2*t**2 - 5*t - 273. Calculate c(-4).
11
Let o(q) = -9*q**3 + q**2 + q + 1. Let w(u) = 3*u - 1. Let t(y) = -13*y + 4. Let v(r) = -2*t(r) - 9*w(r). Let i be v(2). Determine o(i).
10
Suppose w - 8 = 3*w, -5*d = 3*w - 3. Let z(f) = f**3 - 2*f**2 + 2*f - 7. Give z(d).
8
Let k(v) be the third derivative of -v**6/120 - v**5/12 - 5*v**4/24 + v**3/3 - 69*v**2. What is k(-4)?
6
Let v(y) = -26*y + 5. Let q be -9 - -2*88/16. Determine v(q).
-47
Let j(r) = r**3 - 10*r**2 + 13*r - 2. Let o(t) = 5*t - 41. Let n be o(10). What is j(n)?
34
Let d(g) = -25*g - 1 + 1 + 1. Let c be -2*(-2)/(-8)*-12 - (4 + 1). Calculate d(c).
-24
Suppose 5 = 2*i + 3. Let l(j) be the first derivative of -1/4*j**4 - 4/3*j**3 - 3/2*j**2 + i - j. Give l(-2).
-3
Let q(t) = 7*t**3 - 13*t**2 + 9*t - 3. Let p(r) = 1 - 191*r - 5*r**3 + 181*r + 3 + 13*r**2. Let l(s) = 3*p(s) + 2*q(s). Calculate l(12).
6
Let n be 4*1*(-6 + 5). Let m(q) = 2*q - 7. Let k be m(4). Let l(b) = b**3 + 2 + 4*b**2 + 2 + k + 3*b. Determine l(n).
-7
Let z(i) = i**2 - 2*i - 2. Let u(k) = -2*k**3 + 10*k**2 + 12*k. Let s be u(6). Give z(s).
-2
Let t(y) = -3*y + 1. Let r(w) = 6*w**2 - 12*w + 5. Let h(o) = -r(o) + 4*t(o). Determine h(2).
-25
Let b(q) be the second derivative of -q**3/6 + q**2 - 3*q. Let s be b(-2). Let h(g) = -9*g - 5. Let l(f) = -4*f - 2. Let y(a) = -3*h(a) + 7*l(a). Give y(s).
-3
Suppose 3*x - 4 - 32 = 0. Let w be ((-4)/10)/(x/(-30)). Let c(k) = k**2 - 5*k + 2. Let s(m) = -m - 1. Let q(p) = w*s(p) - c(p). Give q(2).
1
Let h(t) = -t**3 + 7*t**2 - 2*t + 10. Suppose -4*l - 3*d + 1 = 0, 3*l + 2*d - 1 = -0*d. Let s be ((l - -1) + -23)/(-3). Calculate h(s).
-4
Let f(o) be the first derivative of o**7/840 - o**6/72 + o**5/60 + o**4/12 + 5*o**3/3 - 8. Let n(t) be the third derivative of f(t). What is n(3)?
-10
Let n = -380 - -388. Let r(l) = 5*l + 1. Let v(f) = f + 1. Let w(t) = r(t) - 4*v(t). Determine w(n).
5
Let h = -50 - -62. Let p(v) = v**2 - 11*v - 8. Let a be p(h). Let s(y) = -y**3 + 6*y**2 - 5*y - 4. Give s(a).
8
Let m(n) be the second derivative of n**5/20 + 5*n**4/12 + n**3/3 + 25*n + 1. Suppose 6 = -2*d + j, -2*d + 4*d + 2*j + 6 = 0. Determine m(d).
12
Let s(o) = 5*o**2 - 11*o - 28. Let i be s(4). Let v(g) = 5*g - 35. Determine v(i).
5
Let c(p) = 3*p - 1. Let o(j) = j - 18. Let w be ((-54)/45)/((-4)/50). Let v be o(w). Determine c(v).
-10
Let w(n) = -6*n**3 - 2*n**2 - 2*n - 1. Let k(u) = -5*u**3 - 2*u**2 - 2*u - 1. Let s be (-88)/(-14) + (-2)/7. Let f(j) = s*k(j) - 7*w(j). Give f(-1).
-11
Let c(n) = -5*n**3 - n**2 + 1. Let z be c(1). Let w be (-5)/5 - ((-2)/2 - 4). Let a(o) = 158 + w*o - o + o**2 - 160. What is a(z)?
8
Suppose 5*l - 15 = -0*l. Suppose w - 2*i - l = i, -w - 3*i = 15. Let q = -2 - w. Let v(j) = -j**3 + 6*j**2 - 5*j - 1. Calculate v(q).
11
Let v(f) = -f**2 - 9*f - 3. Suppose 457*n = 451*n - 60. Determine v(n).
-13
Let a(l) = -l**3 + 6*l**2 + 8*l - 2. Let f be -4*2/4 - (-3 - 2). Let s be 21 + 1 - 0/(-1). Suppose 0 = f*x - s + 1. Determine a(x).
5
Suppose 48*d + 51 =